*3 + 6*n**2 + 5*n - 7. Calculate v(3).
8
Let l(c) = c**2 + 9*c - 29. Determine l(-13).
23
Let b(t) = -t**3 + 7*t**2 - 6*t - 25. What is b(5)?
-5
Let j(y) = 4*y + 5. Give j(3).
17
Let z(u) = u**3 + 8*u**2 + 4*u - 6. Give z(-7).
15
Let c(x) = x**3 - 24*x**2 + 2*x - 27. Determine c(24).
21
Let j(k) = k - 59. What is j(10)?
-49
Let y(b) = b**3 - 14*b**2 + 24*b - 21. Calculate y(12).
-21
Let l(v) = -v**2 - 15*v + 11. What is l(-16)?
-5
Let y(x) = 7*x - 57. Determine y(10).
13
Let r(w) = -w**3 + 12*w**2 - w - 8. Calculate r(12).
-20
Let m(i) = 5*i**2 + i - 2. Calculate m(-2).
16
Let j(a) = -6*a - 12. What is j(-4)?
12
Let r(w) = 10*w**2 + 4*w + 1. Determine r(-1).
7
Let z(g) = -g**2 - 14*g - 45. Give z(-6).
3
Let d(j) = -3*j**2 - 3*j + 27. What is d(-3)?
9
Let u(a) = a**2 + 9*a + 16. Calculate u(-8).
8
Let v(p) = -18*p. What is v(-2)?
36
Let b(r) = -r**3 + 3*r**2 + 5*r + 1. Give b(5).
-24
Let k(u) = -4*u - 6. What is k(0)?
-6
Let q(o) = -9*o - 30. Determine q(-6).
24
Let q(y) = -6*y**2 + 5*y - 2. Determine q(-1).
-13
Let h(t) = -3*t + 20. Calculate h(8).
-4
Let q(u) = -22*u + 70. Give q(4).
-18
Let f(z) = -z**2 + 9*z + 16. Calculate f(10).
6
Let y(z) = z**2 + 4*z - 4. What is y(-5)?
1
Let c(n) = -7*n**2 - n - 1. Determine c(-1).
-7
Let y(n) = n - 32. Determine y(27).
-5
Let l(c) = -2*c**3 + 4*c**2 + 7*c - 3. What is l(4)?
-39
Let j(i) = -25*i + 18. Determine j(2).
-32
Let s(o) = o**3 + 3*o**2 - 7*o + 6. Give s(-5).
-9
Let h(m) = -m**3 + 24*m**2 - 105*m - 50. Determine h(18).
4
Let c(s) = s**3 + 11*s**2 + 24*s - 9. Determine c(-7).
19
Let n(u) = -u**2 + u + 7. What is n(6)?
-23
Let s(p) = p**2 + p - 14. Give s(0).
-14
Let i(d) = 2*d**2 - 31*d - 42. Determine i(17).
9
Let f(x) = 2*x - 11. Give f(3).
-5
Let d(z) = -21*z - 84. What is d(-4)?
0
Let d(r) = r**2 + r - 20. Determine d(0).
-20
Let u(h) = -h**3 - 8*h**2 + 11*h + 9. Give u(-9).
-9
Let n(z) = 19*z + 31. Determine n(-2).
-7
Let u(p) = -p**2 + 8*p - 9. Give u(6).
3
Let r(a) = -67*a**2 - 3*a - 3. What is r(-1)?
-67
Let c(d) = d**3 + 2*d - 19. Give c(0).
-19
Let g(o) = -4*o**2 + 6*o - 13. What is g(4)?
-53
Let n(c) = c**3 + 6*c**2 - c - 6. Give n(-5).
24
Let b(a) = -14*a - 2. Determine b(-1).
12
Let p(h) = -h + 23. What is p(13)?
10
Let u(m) = m**3 - 5*m**2 + 4*m + 2. Calculate u(5).
22
Let x(q) = q**3 + 12*q**2 + 13*q + 21. Calculate x(-11).
-1
Let l(o) = 28*o**2 + 10*o - 11. Determine l(1).
27
Let p(v) = v**3 - 5*v**2 + 5*v - 2. Calculate p(5).
23
Let x(z) = z + 1. Determine x(-12).
-11
Let c(s) = -s**3 + 8*s**2 - 22*s + 99. Calculate c(7).
-6
Let d(p) = 7*p - 27. Calculate d(7).
22
Let p(i) = -11*i - 27. What is p(-3)?
6
Let k(h) = h**3 - 34*h**2 + 61*h + 90. Calculate k(32).
-6
Let o(w) = 3*w - 55. Give o(17).
-4
Let q(g) = g**2 - 2*g + 4. Determine q(-3).
19
Let p(a) = a**3 + 7*a**2 - 12*a - 5. What is p(-8)?
27
Let n(r) = -2*r + 49. Give n(10).
29
Let l(d) = -d**2 + 17*d + 45. What is l(19)?
7
Let l(s) = -s**2 + 3*s + 176. Calculate l(15).
-4
Let x(b) = -b**2 - 13*b + 4. What is x(-8)?
44
Let y(m) = -m**2 - m + 13. What is y(-6)?
-17
Let q(p) = -7*p**3 + 2*p**2 + 11*p - 13. What is q(1)?
-7
Let f(x) = x**3 - 4*x**2 + 3*x - 2. Determine f(3).
-2
Let s(r) = r**2 - 15*r - 122. Calculate s(-6).
4
Let j(r) = -42*r - 260. Calculate j(-6).
-8
Let q(k) = 14*k - 117. Calculate q(9).
9
Let i(k) = -k**3 + 16*k**2 + 17*k - 3. What is i(17)?
-3
Let i(g) = g**3 + 2*g**2 - 4*g - 8. Determine i(-4).
-24
Let j(c) = c**2 + 17*c + 56. What is j(-11)?
-10
Let l(m) = m**2 - 5*m - 8. Calculate l(9).
28
Let q(m) = -14*m + 1. Calculate q(-1).
15
Let k(t) = -3*t**2 - 19*t - 1. Calculate k(-8).
-41
Let q(i) = -9*i + 2. Calculate q(-2).
20
Let m(y) = -3*y**2 + 4*y + 14. Determine m(8).
-146
Let a(k) = k**2 + 22*k - 66. What is a(-23)?
-43
Let k(l) = -l**2 - 19*l - 53. Calculate k(-15).
7
Let m(f) = f**3 - 9*f**2 + 13*f - 17. What is m(7)?
-24
Let i(r) = -r**3 + 7*r**2 - 5*r - 1. What is i(6)?
5
Let q(r) = r**3 - 7*r**2 - 3*r + 7. Give q(8).
47
Let s(p) = 61*p**3 - p**2 + 3*p - 1. Determine s(1).
62
Let c(z) = -4*z**3 + 8*z**2 - 11*z + 2. Determine c(2).
-20
Let g(w) = -2*w + 34. Give g(5).
24
Let f(d) = -10*d. Determine f(3).
-30
Let k(l) = 3*l - 6. Calculate k(4).
6
Let c(j) = j**3 - 2*j + 7. Calculate c(-3).
-14
Let o(v) = 2*v**2 - 5*v + 7. Determine o(2).
5
Let i(d) = d**2 - 14*d + 65. Calculate i(11).
32
Let h(r) = r**2 - 20*r + 97. Calculate h(14).
13
Let g(f) = -f**2 - 12*f - 27. Calculate g(-9).
0
Let d(i) = -4*i + 39. What is d(9)?
3
Let o(y) = y**2 - 3. What is o(-3)?
6
Let c(f) = -4*f + 96. Determine c(24).
0
Let v(g) = 15*g + 202. Determine v(-12).
22
Let j(m) = -m**2 - 10*m - 6. What is j(-7)?
15
Let b(g) = g**2 - g - 34. What is b(0)?
-34
Let y(t) = -t**2 - 20*t - 60. Determine y(-17).
-9
Let i(f) = -f**2 - 2*f + 9. Calculate i(-5).
-6
Let c(m) = -m**2 - 17*m - 51. Determine c(-13).
1
Let y(n) = 8*n**2 - 50*n - 24. Calculate y(7).
18
Let s(i) = i**2 + 16*i - 59. What is s(-20)?
21
Let q(d) = -d - 2. What is q(2)?
-4
Let f(d) = 150*d. Give f(-1).
-150
Let m(v) = -v**3 + 6*v**2 + 6*v + 7. Calculate m(7).
0
Let l(z) = z**3 + 4*z**2 - z + 8. Calculate l(-6).
-58
Let p(k) = 13*k + 61. Determine p(-6).
-17
Let n(t) = -t + 9. What is n(0)?
9
Let g(l) = l**2 + l + 73. What is g(0)?
73
Let s(u) = -2*u**3 + u**2 + 2*u - 1. Give s(-2).
15
Let k(q) = -47*q + 1. What is k(1)?
-46
Let z(l) = 2*l**2 + 3*l - 54. What is z(5)?
11
Let t(a) = -2*a**2 - 14*a - 2. Determine t(-8).
-18
Let h(b) = 9*b + 7. Calculate h(-3).
-20
Let r(l) = 4*l + 96. Determine r(-31).
-28
Let b(a) = a**3 + 4*a**2 - 11*a + 6. Give b(-6).
0
Let m(p) = -6*p**3 + p + 1. Calculate m(-1).
6
Let q(a) = -a**2 + 2*a + 30. What is q(0)?
30
Let r(y) = y**2 + 8*y - 3. Calculate r(-8).
-3
Let t(c) = -17*c + 146. What is t(9)?
-7
Let p(y) = -y**2 - 3*y - 10. What is p(-6)?
-28
Let h(s) = -s**3 - 4*s**2 + 13*s + 6. Give h(-6).
0
Let s(k) = k**3 - 8*k**2 + k + 14. Determine s(5).
-56
Let w(b) = 4*b - 33. Determine w(7).
-5
Let u(z) = -2*z**2 + 3*z - 3. Calculate u(1).
-2
Let z(b) = b**3 - 4*b**2 - 5*b - 19. Determine z(6).
23
Let m(t) = 2*t**2 - 183*t - 87. Give m(92).
5
Let t(h) = h**3 + 3*h**2 - 3*h - 4. Give t(-3).
5
Let l(j) = -5*j - 6. Determine l(0).
-6
Let o(w) = -w**3 - 7*w**2 + 19*w. Give o(-9).
-9
Let b(h) = 7*h + 23. What is b(-2)?
9
Let p(y) = y**3 + 3*y**2 - 4*y - 4. Give p(-3).
8
Let s(m) = -37*m + 3. What is s(-1)?
40
Let k(l) = l**2 - 5*l + 3. Determine k(5).
3
Let d(m) = m**3 + 15*m**2 - m - 3. What is d(-15)?
12
Let l(u) = -33*u + 39. Determine l(7).
-192
Let u(d) = -d**3 + 8*d**2 - 9*d - 7. Determine u(7).
-21
Let h(t) = 109*t + 657. Give h(-6).
3
Let j(w) = 2*w**2 - 100*w + 106. Give j(49).
8
Let s(v) = -v**3 + 19*v**2 + 19*v + 37. Determine s(20).
17
Let o(m) = m**3 - m**2 - 5*m - 1. Give o(4).
27
Let r(w) = -6*w - 2. Determine r(-2).
10
Let u(f) = f**2 - 6*f - 10. Determine u(8).
6
Let a(v) = v**2 - v + 7. What is a(0)?
7
Let k(p) = p + 4. Calculate k(-9).
-5
Let o(s) = -13*s - 67. Give o(-5).
-2
Let i(b) = 5*b + 98. Calculate i(-18).
8
Let j(u) = u**2 + 8*u - 15. Calculate j(2).
5
Let s(d) = d**3 + 3*d**2 + 2*d. Calculate s(-3).
-6
Let k(q) = q**3 - 10*q**2 + 21*q + 5. Calculate k(6).
-13
Let d(i) = i**2 - 9*i + 1. What is d(9)?
1
Let o(v) = 5*v + 31. Give o(-8).
-9
Let z(u) = u**2 - 5*u - 1. Determine z(6).
5
Let s(a) = -30*a - 5. Determine s(-2).
55
Let l(h) = 27*h - 457. Calculate l(17).
2
Let r(v) = v**2 + 25*v + 43. Give r(-20).
-57
Let c(v) = -v - 5. Calculate c(8).
-13
Let p(h) = h**3 + 14*h**2 + 37*h + 45. Give p(-11).
1
Let m(s) = -s + 50. Calculate m(-18).
68
Let o(i) = -2*i - 90. Determine o(-22).
-46
Let o(g) = -3*g**3 + g - 1. Calculate o(2).
-23
Let y(m) = -16*m**2 - m + 3. What is y(2)?
-63
Let f(w) = 12*w + 161. Determine f(-13).
5
Let p(v) = 42*v**2 - 3*v + 2. Calculate p(1).
41
Let s(d) = d - 10. Give s(0).
-10
Let a(d) = -d**3 - 4*d**2 - 4. What is a(-3)?
-13
Let x(h) = -4*h**3 + 43*h**2 + 9*h - 3. Give x(11).
-25
Let f(t) = -2*t**3 + 3*t**2 - t - 1. What is f(3)?
-31
Let a(p) = p**2 + 5*p - 2. Calculate a(-6).
4
Let k(g) = -g**2 + 6*g + 38. Determine k(8).
22
Let d(f) = 52*f**3 + 1. What is d(1)?
53
Let j(c) = -c**2 + 7*c + 17. Give j(-8).
-103
Let w(b) = -30*b**2 + 7*b + 4. Determine w(2).
-102
Let x(u) = -3*u**3 + 